= m + -6. Let q(a) = 14*a**3 - 4*a + 4. Let z(c) = -3*c**3 - c**2 + c. Let y(t) = q(t) + 5*z(t). What is y(w)?
-1
Let o(v) = v**3 - 6*v**2 + 5*v + 3. Let a be o(5). Suppose 3*q - q + 1 = a*b, 2 = -2*b + 2*q. Let j(c) = 5 + 4*c - b - 2. Determine j(-2).
-8
Let p = 3 - 0. Let m(y) be the first derivative of -y**4/4 + 2*y**3/3 + 5*y**2/2 - 4*y - 1386. Calculate m(p).
2
Let p(k) be the second derivative of k**4/12 - 4*k**3/3 - 3*k**2 - 42*k - 1. What is p(8)?
-6
Let f(o) = -8 - o - 1 + 1 - 3. Let c(q) = 1. Let d(b) = 5*c(b) + f(b). Give d(7).
-13
Let j = 21 + -9. Suppose j - 10 = w. Suppose 7 - 3 = -w*s. Let l(g) = g**3 + g**2 - 3*g - 3. Give l(s).
-1
Let y be 5/(5/(-2)) + 2. Let i(j) be the third derivative of 0*j - 1/24*j**4 - 13*j**2 - 2/3*j**3 + 0. Calculate i(y).
-4
Let w be (2 + -2 - 6) + 1. Let n(i) be the second derivative of 0 + 2/3*i**3 + 2*i**2 + 30*i. What is n(w)?
-16
Let w(l) = l**2 - 14*l - 9. Suppose -4*y + 0*f - 4*f = -40, 5*y = -f + 66. Give w(y).
-9
Let u(a) = -a**3 + 32 - 56 + 3*a - 2*a + 32 + 8*a**2 + 0*a**2. What is u(8)?
16
Let n(h) = -2*h**3 - 4*h**2 - 4*h - 4. Let q be (6/21)/(3*(-1)/21). Determine n(q).
4
Let m(j) = -j**3 - 8*j**2 + 10*j + 8. Let b = 11 - 20. Let h be m(b). Let z = h + -2. Let f(w) = -3*w - 3. What is f(z)?
6
Suppose 0 = 4*y - 0*y - 36. Let q(f) = f**3 - 8*f**2 - 9*f + 5. Let k be q(y). Suppose -k*m = -3*a, -2*a = -3*a - m - 8. Let n(r) = -2*r - 4. What is n(a)?
6
Let z(b) = 4*b + b - 6*b**2 - 1 + 9*b**2 - b**2. Let f = -7 - -3. Determine z(f).
11
Let a(j) = -j**2 - j - 4. Let s = 818 - 820. Calculate a(s).
-6
Let x(b) = 2*b**2 - 47*b - 22. Let k be x(24). Let h(q) = 4*q**2 - 2*q - 2. What is h(k)?
10
Let q(j) = j**3 + 2*j**2 - j + 1 - j**2 + 0*j**3. Let z be (-37)/(-7) + 6 - 4/14. Let x(c) = -3*c + 34. Let n be x(z). What is q(n)?
2
Let o(x) = -3*x - 21 + 57*x**2 - 9*x - 21*x**2 - 37*x**2. What is o(-8)?
11
Let p(v) be the second derivative of -v**6/360 + v**5/15 + 2*v**4/3 + v. Let i(d) be the third derivative of p(d). Calculate i(6).
-4
Let l = -4 - -12. Let i = l - 6. Suppose -1 - i = n. Let y(h) = h**3 + 2*h**2 + 2*h + 3. Calculate y(n).
-12
Let r(u) = -u + 0*u - 1640 - 7*u + u**3 + 1652 - 4*u**2 - 2*u**2. Calculate r(7).
5
Let q(f) be the first derivative of -2*f - f**2 - 4 + 1/3*f**3. Let k = 16 + -13. What is q(k)?
1
Let i be 0/(-7 + 3 + (9 - 6)). Let n(j) be the second derivative of j + 1/6*j**3 + i*j**2 + 0. Give n(-2).
-2
Let i = -3 - 2. Let q(w) be the second derivative of 0 - 1/2*w**3 - 1/12*w**4 - 19*w + 3*w**2. What is q(i)?
-4
Let a(h) be the second derivative of h**4/12 + 5*h**3/6 + 2*h**2 + h + 36. Let f = -3 - 3. Let b = f + 3. Calculate a(b).
-2
Let q(h) = -h**3 - 6*h**2 - 2*h - 10. Let m be q(-6). Suppose -3*z + 12 = 0, 10 = -3*t + m*z + 2*z. Let d(g) = g**2 + 4*g - 3. Give d(t).
9
Suppose -2*n = -n. Let r(s) be the second derivative of s**4/12 - s**2/2 + s - 19. Determine r(n).
-1
Let i(u) be the third derivative of u**6/120 - u**5/15 - u**4/24 - 2*u**3/3 - 216*u**2. Determine i(4).
-8
Suppose -m = m - 12. Suppose 0 = 8*h - 7*h - 6. Let u(b) = -b**2 + h*b**2 - m*b**2 - 4 + 2. Calculate u(-2).
-6
Let o(k) = -7*k - 2. Let l(v) = -v**3 + 3*v**2 - 6*v + 5. Suppose -4*d = -9*d + 10. Let u be l(d). What is o(u)?
19
Let m(d) = -d**2 - 5*d + 6. Let k(c) = -c**2 + 3. Let f be k(3). Let w be m(f). Let b(u) = 2*u**3 - u**2 - u**3 - 401 - 2*u**3 + 407. What is b(w)?
6
Let o be 2*(-1)/(-6)*3. Suppose -a - 9*a + 40 = 0. Let d(u) = -6*u + a - 6 + o - 2. Determine d(-2).
9
Let v(n) = -2*n**2 - 14*n - 8. Let s be v(-6). Suppose 0*w - w + 4 = 0. Let c(g) = -g**3 + 10*g + 0 + 3*g**2 - w - 5*g. Calculate c(s).
0
Let m(w) = -2*w**2 - 10*w - 7. Let y = -226 + 329. Suppose -y + 19 = 14*v. What is m(v)?
-19
Let v be (36/20)/3 + 18/(-30). Let s(b) = b**3 + 2*b**2 - 4. Determine s(v).
-4
Let m(l) be the third derivative of -7*l**4/24 + 23*l**3/6 - 186*l**2. Determine m(4).
-5
Let z(x) be the first derivative of -3/2*x**2 - 6*x + 13 + 1/3*x**3. Calculate z(6).
12
Let o(s) = -5*s**2 - 1861 + 935 - 5*s + s**3 + 932. Let w(f) = -f**2 + 5*f - 1. Let q be w(2). Calculate o(q).
-19
Let w(t) be the first derivative of 9*t**2/2 + 3*t + 76. Give w(-2).
-15
Let w(u) = -35*u + 2 + 0 + 40*u - 7. Determine w(7).
30
Suppose -27*k + 810 = -162*k. Let d(a) = 13*a - 3. Give d(k).
-81
Suppose -122*w + 115*w = 7. Let i(q) = 5*q**2 - 1. Determine i(w).
4
Let j(g) = 432 - 429 + g**2 - 3*g + 3*g**2 - 5*g + g**3. Suppose 0 = -3*i - i - 8. Let b(z) = -z**3 + z**2 + z. Let s(p) = i*b(p) - j(p). Give s(5).
2
Let s(i) = -i + 26. Let v be s(18). Let t(x) = 2*x**2 - 7 - v*x - 3*x**2 + 2. What is t(-7)?
2
Suppose 0 = q + 2*q. Suppose 2*u + q = 20. Let l(w) = -w**3 + 10*w**2 - 2. Let y be l(u). Let r(b) = b**2 - b + 2. Give r(y).
8
Let j be 1/((-1)/5 + 0). Let g(u) be the third derivative of -u**5/60 - u**4/6 + 5*u**3/6 + 6*u**2 + 19*u. What is g(j)?
0
Let i(n) = -3*n**2 - n**3 - 6*n**2 + 11 + 99*n - 52*n - 36*n + 7. Determine i(-10).
8
Let k(b) = -3*b - 40. Let i be k(-15). Let f(y) = -1 + 5*y + i - 3*y - 4*y. What is f(-4)?
12
Suppose 0 = -8*f - 846 + 822. Let d(b) = 3*b - 2. Determine d(f).
-11
Suppose 3*z - 4*z = 0. Let p(n) be the first derivative of 0*n**2 + 6*n - 1/4*n**4 + 1/3*n**3 - 6. Give p(z).
6
Let y(q) = q - 3. Let v = -441 - -444. Calculate y(v).
0
Let r(g) = -3*g**2 - 2*g + 1. Let d(m) = -3*m**2 - 2*m + 1. Suppose -5*k = -6*k + 5. Let h(q) = k*r(q) - 6*d(q). Calculate h(-2).
7
Let t be (-21)/14*-8 - (1 + 1). Let q(r) = -2*r + 3. Determine q(t).
-17
Let f(j) = -7*j - 12. Let z(o) = 11*o + 18. Let k(b) = -8*f(b) - 5*z(b). Let c be ((-1 - 39) + 0)*-1. Let v = 33 - c. What is k(v)?
-1
Let z(q) = q**2 - q + 3. Let n(w) = 8*w + 2. Let m be n(7). Let d = -58 + m. Give z(d).
3
Let i(x) = 2*x**2 - 2*x - 1. Let p(h) = -8*h**2 + 11*h + 5. Let n(d) = 11*i(d) + 2*p(d). Calculate n(-1).
5
Let u(r) = r**2 - 8*r. Suppose 0 = -242*h + 266*h - 192. Calculate u(h).
0
Let i = -5 - -3. Let u be 1 + -1 - (i - 2). Let c(w) = 3*w - 2*w - u*w. Calculate c(-2).
6
Let p(z) be the third derivative of 0*z - 1/8*z**4 - 1/2*z**3 + 0 - 1/120*z**6 + 1/12*z**5 + 7*z**2. Determine p(3).
6
Let s = 117 + -113. Let m(x) = -x**3 + 5*x**2 - 3*x + 2. Calculate m(s).
6
Suppose 5*k - 3*i - 8 = -2, -4*k + 4*i = 0. Let m(p) = p**3 - 3*p**2 - 7. What is m(k)?
-7
Suppose 2*k = 10, -5*c - 2*k - 22 + 122 = 0. Let u = 17 - c. Let f(x) = -7*x**2 - 1. Determine f(u).
-8
Let r = 16 + -13. Suppose -3*q = -3*l - 15, 4*l = r*q - 2*q - 2. Let c(w) = -w**2 + 6*w - 3. What is c(q)?
-3
Let t(q) = 17*q**2 + q + 1. Let u = -13 + 17. Let y(o) = -o**2 + 2*o + 7. Let w be y(u). Determine t(w).
17
Suppose 4*x - 3*m = 8*x - 25, -5*x = -5*m - 40. Let a(v) = -7 + 7 + v + 5*v + v**3 - x*v**2. Suppose 0 = 3*u - 12, 3*o - 5*u + 1 = -1. What is a(o)?
0
Let c(a) = a**2 - a. Let v(z) be the second derivative of -z**5/20 + 7*z**4/12 - z**3/2 - 13*z**2/2 + 3*z + 11. Let i be v(6). Calculate c(i).
20
Suppose 0 = 2*t - 1 - 3. Let z(c) = -c**2 + 3*c. Let m(o) = -3*o**2 + 6*o + 1. Let a(u) = t*m(u) - 5*z(u). Let w be 48/(-22) + 7/((-231)/(-6)). What is a(w)?
4
Let s(n) = n**2 + 6*n - 3. Suppose 4*v - 3*d + 15 + 9 = 0, -30 = 5*v + 4*d. Let x(j) = j**2 - 3*j - 40. Let o be x(-5). Let i = v - o. Give s(i).
-3
Suppose 0 = 51*s + 211 - 7. Let p(r) = 4*r**2 + 9*r - 4. Calculate p(s).
24
Let l be ((-189)/378)/(((-3)/10)/3). Let z(k) = -k**2 + k + 11. Give z(l).
-9
Let g(d) = -2*d - 2. Suppose -11*a + 14*a + 27 = 0. Calculate g(a).
16
Let s(m) be the second derivative of 1/10*m**5 + 0*m**2 + 0 - 20*m + 1/2*m**3 + 1/4*m**4. Calculate s(-2).
-10
Let c(y) = -y + 2 + 5*y + y. Let s be ((-7)/((-7)/10))/2. Suppose 0 = z + 2*a, 4*z + z + s*a = -5. Determine c(z).
-8
Suppose -i = -3*m - 0*i, -2*m + 14 = 4*i. Suppose 3*f + 2*p = 2*f, -5*p - 10 = 0. Let a(g) = 1 - f + 2 - g**2 - 2*g**2. Give a(m).
-4
Let r be ((-4)/5)/((-2)/10). Suppose 2*p + 8 = -r. Let a(l) = 13*l**2 + 25*l + 48. Let b(y) = -7*y**2 - 13*y - 26. Let c(m) = 6*a(m) + 11*b(m). What is c(p)?
-4
Suppose 2*y + 34 = 3*t, -4*t = -7*y + 2*y - 50. Let j(x) = x**3 - 11*x**2 + 9*x + 12. Give j(t).
2
Let w(g) = -g**2 + 10*g + 11. Let f = -632 - -644. Determine w(f).
-13
Let c(o) = 6*o**2 - 10*o + 1. Let a(x) = 5*x**2 - 9*x. Let r(n) = -5*a(n) + 4*c(n). Give r(5)